(base 15) to base 7
13540162
-243ba2b (base 12) to base 4
-122321030003
What is -43372 (base 9) in base 14?
-a68b
Convert 7570d1 (base 15) to base 12.
1a58537
1100001011101100000011 (base 2) to base 3
20000020210121
What is 26262 (base 7) in base 11?
5296
What is 22232303 (base 6) in base 9?
1235363
-1100112001020 (base 3) to base 13
-1c2255
What is 2213021201 (base 4) in base 8?
2471141
Convert -307263 (base 11) to base 9.
-830864
What is -1141112001 (base 5) in base 9?
-5027545
Convert -1010100100010 (base 2) to base 16.
-1522
Convert -125053015 (base 6) to base 10.
-2479907
116125610 (base 7) to base 16
6fa967
-1131206 (base 11) to base 6
-110221534
Convert 165bd0 (base 16) to base 10.
1465296
Convert 1646445 (base 8) to base 2.
1110100110100100101
34466636 (base 7) to base 13
81bca8
What is 12a130a (base 12) in base 3?
20221122002101
What is 13457157 (base 8) in base 13?
825233
-3410935 (base 10) to base 13
-925708
-3b4d7e (base 15) to base 11
-1678453
Convert 32503021 (base 7) to base 14.
5291b8
Convert -10172b (base 13) to base 6.
-12010434
What is -1617314 (base 8) in base 6?
-14000204
Convert 3404503 (base 6) to base 13.
6045c
-331013232 (base 4) to base 14
-67342
Convert a1a5079 (base 11) to base 2.
1000100110001110011110100
What is -76ba0 (base 13) in base 7?
-1554052
Convert 693d (base 16) to base 2.
110100100111101
Convert 177030a (base 11) to base 4.
23130312302
Convert 100001101120 (base 3) to base 5.
21200121
4402302 (base 5) to base 15
174bc
-358639 (base 16) to base 15
-494514
212442 (base 5) to base 13
33b6
11211110211211 (base 3) to base 15
35ae04
What is -241626 (base 9) in base 4?
-203202231
Convert 300362 (base 7) to base 5.
3104422
What is 12356322 (base 7) in base 15?
172d43
-84248 (base 12) to base 6
-3413332
What is -1368565 (base 11) in base 15?
-3176a9
What is -200341200 (base 5) in base 12?
-323104
1003012114 (base 5) to base 6
110515245
Convert -28917 (base 10) to base 5.
-1411132
What is 11850203 (base 9) in base 12?
1b47b10
What is -4925 (base 11) in base 3?
-22211112
211010012011 (base 3) to base 14
b4928
210311001 (base 5) to base 4
3110101331
Convert -31537 (base 9) to base 7.
-114535
Convert -1012303000 (base 4) to base 12.
-11b994
102223013 (base 4) to base 6
1350035
What is 505304 (base 6) in base 9?
60864
Convert 35121656 (base 7) to base 15.
40ce0b
Convert 57649 (base 15) to base 2.
1000011111010011001
-1221202022111 (base 3) to base 12
-420a71
203201301323 (base 4) to base 3
122112011120212
What is -2256225 (base 8) in base 15?
-c1bba
Convert -9238 (base 12) to base 2.
-11111000001100
13da1 (base 15) to base 2
1111100101010010
What is 1110010111010001001 (base 2) in base 15?
946ca
What is -938707 (base 10) in base 5?
-220014312
What is -412614 (base 10) in base 2?
-1100100101111000110
-151546 (base 10) to base 11
-a394a
Convert -4036a (base 13) to base 16.
-1c097
Convert -1eeed (base 16) to base 9.
-212718
What is 1110110122012 (base 3) in base 5?
144324344
What is -2121222221002 (base 3) in base 16?
-1552c1
-3334051 (base 6) to base 8
-510217
What is 1cc688 (base 14) in base 15?
156145
Convert -1010011000110100101 (base 2) to base 8.
-1230645
What is -323114134 (base 5) in base 11?
-862314
-10ab973 (base 12) to base 8
-14204647
Convert -478166 (base 13) to base 4.
-12133300100
Convert -81401 (base 9) to base 5.
-3203132
Convert 1193781 (base 10) to base 3.
2020122120010
Convert -311a9 (base 12) to base 10.
-64209
Convert -107215 (base 8) to base 10.
-36493
What is -38b3c98 (base 13) in base 3?
-1020102222220200
Convert 2440621 (base 8) to base 10.
672145
Convert -2213221 (base 4) to base 8.
-24751
Convert 123155 (base 11) to base 12.
9468b
Convert 385a4 (base 12) to base 14.
20032
373615 (base 10) to base 11
235780
Convert 4363540 (base 7) to base 5.
114133400
1143004 (base 5) to base 7
120026
-1888aa (base 16) to base 12
-656576
-100110000011010100101 (base 2) to base 13
-348703
1162110 (base 9) to base 16
9a26c
What is 195a940 (base 14) in base 6?
1125513004
-74214 (base 12) to base 3
-21202000021
-55623 (base 12) to base 14
-2d387
Convert 112211323 (base 6) to base 11.
1194295
Convert 16a773a (base 11) to base 16.
2c2a94
Convert 212320102 (base 4) to base 6.
3225134
308580 (base 9) to base 16
2cca0
What is -18a4b (base 14) in base 15?
-1374a
11223302123 (base 4) to base 13
402302
-14661616 (base 9) to base 8
-33670707
-394331 (base 11) to base 12
-25b203
-913198 (base 11) to base 8
-5463641
Convert -10b15 (base 14) to base 10.
-40591
What is 10455085 (base 9) in base 3?
100111212002212
Convert -121001130 (base 6) to base 3.
-11022011101000
What is -1401104 (base 6) in base 11?
-53684
What is 23176 (base 10) in base 5?
1220201
-61487 (base 16) to base 10
-398471
-77096 (base 10) to base 14
-2014c
What is 2328488 (base 12) in base 3?
110202011210012
Convert 16bdc5 (base 14) to base 2.
11000011100111001001
Convert 52210 (base 8) to base 3.
1002200111
Convert 143114 (base 10) to base 4.
202330022
11110000100010101 (base 2) to base 11
84591
What is 12402221341 (base 5) in base 11?
8692100
Convert -202003131222 (base 4) to base 5.
-4241131312
-1710b8 (base 12) to base 8
-1405114
Convert 13336091 (base 10) to base 6.
1153501055
What is 210103123 (base 4) in base 7?
1156345
What is -5a859 (base 11) in base 2?
-10101010111111011
Convert 21257a (base 12) to base 11.
327765
12320101 (base 5) to base 7
1006634
Convert -12211032 (base 8) to base 11.
-1579279
Convert 626433 (base 7) to base 3.
12111001010
What is 242bc8 (base 16) in base 15?
31c589
-123544525 (base 6) to base 5
-1110041311
What is 4647225 (base 8) in base 15?
19ed86
What is -1231502 (base 8) in base 12?
-145282
Convert -101200111111111 (base 3) to base 14.
-a7b625
28514 (base 12) to base 13
1c672
What is 17972171 (base 10) in base 3?
1020211002011222
What is 4b0a (base 16) in base 2?
100101100001010
4563442 (base 7) to base 9
1058257
What is -11001001000010111000001 (base 2) in base 13?
-1498740
Convert 11032221111 (base 4) to base 3.
2120122021000
What is -42131035 (base 6) in base 16?
-12b0ff
Convert 1110010010001000000 (base 2) to base 12.
1a6a28
-5571225 (base 8) to base 4
-11233022111
-12023a5 (base 11) to base 3
-10221112021101
What is -613060 (base 7) in base 3?
-12022002111
What is 3351579 (base 11) in base 8?
26316647
Convert 3bbb104 (base 12) to base 14.
182c256
Convert 1100111010000010010 (base 2) to base 15.
854a5
What is 220122020022 (base 3) in base 7?
4056602
-3331324304 (base 5) to base 15
-990ad9
What is -396733 (base 11) in base 2?
-10011000010010101111
5802813 (base 11) to base 10
10149857
-25015402 (base 8) to base 15
-73d278
-10112111011 (base 3) to base 10
-69610
Convert 1516706 (base 10) to base 5.
342013311
Convert -101202330 (base 4) to base 6.
-1312420
Convert 23203230123 (base 4) to base 7.
34516125
What is 1024144131 (base 5) in base 10?
2178041
Convert -440765 (base 9) to base 11.
-16a711
What is 112400302 (base 5) in base 3?
222001010100
-111111110111111 (base 2) to base 3
-1122212020
-1001122011122 (base 3) to base 13
-169721
1961 (base 15) to base 3
21112101
What is -43230131 (base 5) in base 14?
-97d2d
20010121202020 (base 3) to base 4
30123320001
Convert 1058326 (base 9) to base 2.
10001011001111101001
-1101010101001000011 (base 2) to base 6
-13210123
What is -3311300 (base 5) in base 13?
-1cc95
What is 123432 (base 12) in base 4?
1020102212
Convert -17a0e1 (base 15) to base 2.
-100011000001100111111
Convert -1110010001001000110001 (base 2) to base 16.
-391231
What is -111100011110001100 (base 2) in base 6?
-5150420
Convert 10122131111 (base 4) to base 9.
2153028
103237 (base 8) to base 3
1202021102
Convert -189a58 (base 11) to base 8.
-1071147
30101111001 (base 4) to base 10
3216705
4cb77b (base 16) to base 4
103023131323
-132111133213 (base 4) to base 16
-7957e7
-21010 (base 11) to base 16
-77a0
What is 10210002020 (base 3) in base 5?
4340133
1b3bc (base 16) to base 8
331674
-2088f4 (base 16) to base 12
-869b04
1112032211 (base 4) to base 10
353189
-2213131 (base 6) to base 3
-12122002001
What is -350103 (base 15) in base 11?
-1479a34
What is -209838 (base 11) in base 15?
-69445
What is 5d5a6 (base 14) in base 5?
24311003
Convert -1817 (base 12) to base 5.
-43044
What is 1021aa (base 16) in base 15?
15d399